reatest common divisor of 36 and f?
9
Suppose 0 = -3*y - 3*w + 225, 0*y - y - 3*w = -71. Let g(q) = 3 - q**2 - 5*q + 13*q - 7. Let k be g(5). Calculate the greatest common divisor of y and k.
11
Let j(s) = -8*s + 40. Let x be j(-14). What is the greatest common factor of x and 19?
19
Suppose 2*h = 5*h. Suppose h = -3*p + p + 5*v + 33, 3*v = 3*p - 45. Calculate the greatest common factor of 42 and p.
14
Let p = -13 + 34. Calculate the greatest common divisor of p and 7.
7
Let g(r) = 10*r + 5. Let k be g(2). What is the highest common divisor of k and 5?
5
Let i(y) = -28*y**2 + 3*y + 1. Let v be i(-3). Let c = v + 395. Suppose -2*j = j - c. Calculate the greatest common divisor of 9 and j.
9
Let q = 3 - 3. Suppose -5*l = -j - 25, -4*l + q*l - 3*j + 39 = 0. Let z = -36 + 66. Calculate the greatest common divisor of z and l.
6
Let g = 2 - 1. Suppose 3*h + g = -4*x, -5*x + 13 = -3*h + 2*h. Calculate the greatest common factor of x and 18.
2
Let w(d) = 6*d. Let f be w(-2). Let b = f - -24. Let h be -5*3*(-16)/b. Calculate the greatest common divisor of 30 and h.
10
Let s(p) = -p + 11. Let w be s(11). Let j be 2 - w - 2/(-1). What is the highest common divisor of j and 12?
4
Suppose 2*j - 4*w = 6*j - 464, -3*j + 353 = 2*w. What is the greatest common factor of 11 and j?
11
Let q(j) = j**3 + 3*j**2 - j - 2. Let t be q(2). Let o = t + -9. Suppose 3*p - p - 42 = 0. What is the highest common factor of p and o?
7
Let a = -1 - -17. Suppose -4*o + 4 = -a. Let i = 15 + 0. What is the highest common divisor of o and i?
5
Let s(p) = 2*p**2 - 9. Let j be s(-4). Calculate the highest common divisor of 207 and j.
23
Suppose 10*t = 7*t + 147. What is the highest common factor of 7 and t?
7
Suppose -w = 0, 2*l + 2*l + 3*w = 224. Let f = 31 - 17. Calculate the highest common divisor of l and f.
14
Let g = 289 + -58. What is the highest common factor of 21 and g?
21
Let r = 25 + 39. Calculate the greatest common factor of 8 and r.
8
Suppose -30 - 10 = -5*x. Let u(y) = 11*y + 4 + 1 - x*y - 3. Let s be u(3). Calculate the highest common divisor of 22 and s.
11
Suppose 0 = -3*x + 78 + 126. Let j be ((-4)/3)/(2/(-36)). Suppose 4*b = x + j. Calculate the greatest common factor of b and 184.
23
Suppose 2*r + w - 103 = 0, -5*r = -7*w + 2*w - 220. Calculate the highest common factor of r and 7.
7
Suppose 276*o + 32 = 280*o. Calculate the highest common divisor of o and 8.
8
Let f = -10 - -16. Suppose 22 - f = 4*r. Suppose 5*o - 58 = -r*h + 3, -5*h + 5*o = -65. Calculate the highest common factor of 154 and h.
14
Let s = 14 + -3. What is the highest common factor of s and 22?
11
Let b(v) = 3*v**3 - 2*v**2 + 4*v - 1. Let o be b(4). Calculate the highest common factor of 35 and o.
35
Let g(t) = t + 10. Let l be g(-6). Calculate the highest common divisor of 28 and l.
4
Let m be 6/24 - (-19)/4. Suppose -5*w + 13 = 3*a - 11, 0 = a + m*w - 18. What is the greatest common divisor of 9 and a?
3
Let f(v) = v**3 + 13*v**2 + 11*v + 8. Let t be f(-12). Suppose -i = -3*i + t. What is the greatest common divisor of 2 and i?
2
Suppose -161 = -3*m + 5*x, 0*x - 5*x + 151 = 3*m. Calculate the greatest common divisor of m and 156.
52
Let w be (-800)/24*12/(-10). Calculate the highest common divisor of 16 and w.
8
Suppose 7 = -4*j + 3*i - 8, -j - 2*i = 12. Let q be (j/(-6))/(2/26). What is the highest common divisor of q and 13?
13
Suppose -4*y = q + 2*q - 23, -y - 56 = -4*q. Calculate the highest common factor of q and 117.
13
Suppose 7*u - 192 = u. What is the greatest common divisor of u and 288?
32
Let c(a) = -4*a - 12. Let g be c(-12). Suppose 5*j - g = 2*j. Calculate the greatest common divisor of j and 4.
4
Suppose 10*i - 25 = 5*i. Suppose 30 = 2*u - i*d - 85, 4*d + 65 = u. Let v(f) = f**2 - 13*f - 60. Let j be v(-5). What is the greatest common divisor of u and j?
15
Suppose -4*a + 49 = -47. Calculate the greatest common factor of 16 and a.
8
Suppose 0 = -r - 4*o + 6, -4*r - r - 5*o + 15 = 0. What is the greatest common factor of 2 and r?
2
Let a = -71 + 80. What is the highest common factor of 3 and a?
3
Suppose 12*t = 4*t + 304. Calculate the highest common factor of t and 2.
2
Let s be (-71)/(-2) - (-1)/(-2). Let w be (-2)/14 + 1825/s. Calculate the highest common divisor of w and 13.
13
Let u(k) = -k**2 - 12*k + 13. Let r be u(-7). Calculate the greatest common divisor of 168 and r.
24
Let t(j) = -130*j - 2. Let x be t(-2). Suppose 4*o = o + x. Suppose -m = -5*g - 0*m + 451, -g = 4*m - o. What is the greatest common factor of g and 10?
10
Let o be (-6)/(-15) - 4715/(-25). What is the highest common factor of o and 21?
21
Let p be 6 + -1 + (97 - 0). Calculate the highest common factor of p and 153.
51
Let v be -2*(4 - 120/3). Suppose 4*y - v = 3*y. Calculate the greatest common divisor of y and 9.
9
Let w = 40 + 10. Let n(d) = -d**3 - 4*d**2 + 3*d. Let h be n(-5). What is the greatest common factor of h and w?
10
Suppose -4*n = 2*d + 420, n - 105 = 2*n - d. Let q = n + 149. Calculate the greatest common divisor of 66 and q.
22
Let h(p) = -2*p + 1. Let u be h(-4). Suppose 4*q + 8 = 0, q - 2 = 2*g - 10. Let z be (-1)/g + 147/u. Calculate the greatest common factor of 2 and z.
2
Suppose -u + 6*u - 60 = 0. Let s be -2 - (-2)/(-4)*0. Let j be (3/(-2))/(s/4). What is the greatest common factor of j and u?
3
Let f be 183/12 - (-2)/(-8). Suppose 5*s = -5*a + 245, s + 2*s - 115 = 5*a. Calculate the greatest common factor of s and f.
15
Suppose 8*h = 13*h - 70. What is the greatest common factor of 70 and h?
14
Suppose 0 = 2*x - 8, v - 4*x + 64 = 5*v. What is the greatest common divisor of v and 24?
12
Let m(o) = -o**3 + 11*o**2 - o + 18. Let s be m(9). What is the greatest common factor of 19 and s?
19
Let c = 291 - 147. What is the greatest common factor of 9 and c?
9
Suppose 13 - 1 = 3*d. Suppose q - 45 = -d*v - 4*q, 4*v + 2*q = 30. Suppose -p = -v - 0. What is the greatest common divisor of 15 and p?
5
Let t = -39 - -25. Suppose -2*c + 9 - 5 = 0. Let a = c - t. What is the greatest common factor of 8 and a?
8
Let j = 4 + -2. Suppose -3*o + j*y + 4 + 285 = 0, -2*o - 5*y = -218. Calculate the greatest common factor of o and 9.
9
Let a(g) = g**3 - 8*g**2 + 8*g + 4. Let y be a(7). Calculate the highest common factor of 11 and y.
11
Let s(a) = -a**3 + 8*a**2 - 5*a - 6. Let u be 1/(1 + 6/(-7)). Let w be s(u). Let h be 1*-2*(0 + -4). Calculate the highest common factor of w and h.
8
Suppose 0*t + t = 2. Suppose 5*w + t*w = 77. Suppose -i - 3*d + 6*d = -124, 3*i - 3*d = 366. What is the highest common factor of w and i?
11
Let y(u) = 152*u + 1. Let z = 9 + -5. Suppose -11 = z*t - 3*q, 4*t + 2*q = -q + 19. Let a be y(t). What is the greatest common factor of a and 17?
17
Suppose -208 = -5*s + 62. Calculate the greatest common factor of s and 432.
54
Suppose -4*a + 79 = -5*c, -a - 2*c = -44 + 8. Suppose -x = 2*l + x - 44, -a = -l - 3*x. Let j be 0 + (-8*2)/(-4). What is the greatest common factor of l and j?
4
Suppose 0 = 4*v + 5*s - 46 - 34, 0 = -2*v + 4*s + 40. Let w be 3/(-6) - (-9)/2. Let p be w*-1*(-225)/v. Calculate the highest common divisor of p and 9.
9
Let a(l) = 2*l**2 + 4*l - 6. Let t be a(6). Suppose -7 = -s + 4*o + 31, -5*o + 11 = 2*s. What is the greatest common factor of t and s?
18
Suppose -5*w + 2*g = 197 + 32, 2*g = -4*w - 176. Let r be (-4)/(2/w - 0). What is the greatest common divisor of r and 10?
10
Let o be ((-152)/6)/(6/(-9)). Let l be 1/((-74)/o + 2). What is the greatest common divisor of 152 and l?
19
Let y(m) = -22*m**2 - 1. Let z be y(-2). Let t = -14 - z. Suppose 2*d = 5*b - 122, -3*b + 0*b + t = -3*d. Calculate the highest common divisor of 12 and b.
12
Let b be -303*(-8)/36 + 8/(-6). Calculate the greatest common divisor of 99 and b.
33
Let a be 98/10 - (-8)/40. Let l be -2 + (-5)/(a/(-16)). What is the highest common divisor of 3 and l?
3
Let v be (4*(-7)/(-21))/((-2)/(-90)). Calculate the greatest common factor of 24 and v.
12
Let g = -3 - -3. Suppose 3*c + 21 - 93 = g. Calculate the greatest common factor of 36 and c.
12
Suppose -5*h + h = 8. Let y be h/(-2)*(-1 - -1). Let t be (416 - -2)/2 + y. Calculate the highest common factor of 19 and t.
19
Suppose -3*b = 2*a + 12, 3*a + b + b + 23 = 0. Let v be ((-2)/(-2))/(a/(-594)). Calculate the greatest common fac